{"id":53,"date":"2016-07-04T15:50:40","date_gmt":"2016-07-04T15:50:40","guid":{"rendered":"http:\/\/osemka1234.nazwa.pl\/instalator\/wordpress\/?page_id=53"},"modified":"2025-02-26T10:08:01","modified_gmt":"2025-02-26T10:08:01","slug":"oplaty-za-przedszkole","status":"publish","type":"page","link":"https:\/\/przedszkole8.pl\/?page_id=53","title":{"rendered":"Op\u0142aty za Przedszkole"},"content":{"rendered":"<h2><a href=\"https:\/\/przedszkole8.pl\/wp-content\/uploads\/2019\/09\/procedura-op\u0142aty-sta\u0142ej.pdf\">PROCEDURA OP\u0141ATY STA\u0141EJ<\/a><\/h2>\n<h2><strong>KOSZTY OP\u0141AT ZA \u015aWIADCZENIE PRZEDSZKOLNE<\/strong><\/h2>\n<p>Op\u0142ata za przedszkole sk\u0142ada si\u0119 z dw\u00f3ch cz\u0119\u015bci:<\/p>\n<ul>\n<li><span style=\"text-decoration: underline;\">op\u0142ata sta\u0142a za pobyt dziecka w przedszkolu powy\u017cej pi\u0119ciu godzin \u00a0&#8211;<\/span> uzale\u017cniona jest od deklaracji rodzica o wysoko\u015bci godzin korzystania z przedszkola. Op\u0142ata ta wynosi 1,44 z\u0142 za ka\u017cd\u0105 godzin\u0119 powy\u017cej pi\u0119ciu godzin pobytu dziecka w przedszkolu. Odp\u0142atno\u015b\u0107 nalicza si\u0119 poprzez odbicie w czytniku Karty Mieszka\u0144ca. Zgodnie ze statutem Przedszkola nr 8 &#8222;Pluszowy Misiaczek&#8221; je\u015bli dziecko jest obecne w przedszkolu, a nie ma odbitej Karty, to nalicza si\u0119 pobyt ca\u0142odzienny.<\/li>\n<li><span style=\"text-decoration: underline;\">op\u0142ata za wy\u017cywienie<\/span> &#8211; \u00a0stawka dzienna wynosi 10,00 z\u0142. Dziecko mo\u017ce korzysta\u0107 z 3 posi\u0142k\u00f3w, 2 posi\u0142k\u00f3w (\u015bniadanie\/obiad lub obiad\/podwieczorek) lub 1 posi\u0142ku-obiad. W zale\u017cno\u015bci od ilo\u015bci posi\u0142k\u00f3w stawka kszta\u0142tuje si\u0119 nast\u0119puj\u0105co:<\/li>\n<\/ul>\n<p>3 posi\u0142ki: stawka 10,00 z\u0142<\/p>\n<p>2 posi\u0142ki \u015bniadanie i obiad: stawka\u00a0 8,00 z\u0142<\/p>\n<p>2 posi\u0142ki obiad i podwieczorek: stawka\u00a0 7,00 z\u0142<\/p>\n<p>1 posi\u0142ek obiad: stawka 5,00 z\u0142<\/p>\n<p>Op\u0142aty za przedszkole nale\u017cy wp\u0142aca\u0107 na konta przedszkola:<\/p>\n<p>wy\u017cywienie: 14144010260000000012525575<\/p>\n<p>op\u0142ata sta\u0142a: 64144010260000000012525548<\/p>\n<h2><strong>OP\u0141ATY ZA KOMITET RODZICIELSKI<\/strong><\/h2>\n<p>Op\u0142ata za Komitet Rodzicielski jest dobrowolna. Wysoko\u015b\u0107 wnoszonych op\u0142at przez rodzic\u00f3w ustalana jest w formie deklaracji rodzica o wysoko\u015bci wnoszonych op\u0142at na zebraniach w poszczeg\u00f3lnych grupach.<\/p>\n<p>Op\u0142aty uiszcza si\u0119 tylko na konto Komitetu Rodzicielskiego<\/p>\n<p>nr konta : 47109010980000000131703777<\/p>\n","protected":false},"excerpt":{"rendered":"<p>PROCEDURA OP\u0141ATY STA\u0141EJ KOSZTY OP\u0141AT ZA \u015aWIADCZENIE PRZEDSZKOLNE Op\u0142ata za przedszkole sk\u0142ada si\u0119 z dw\u00f3ch cz\u0119\u015bci: op\u0142ata sta\u0142a za pobyt dziecka w przedszkolu powy\u017cej pi\u0119ciu godzin \u00a0&#8211; uzale\u017cniona jest od deklaracji rodzica o wysoko\u015bci godzin korzystania z przedszkola. Op\u0142ata ta wynosi 1,44 z\u0142 za ka\u017cd\u0105 godzin\u0119 powy\u017cej pi\u0119ciu godzin pobytu dziecka w przedszkolu. Odp\u0142atno\u015b\u0107 nalicza<\/p>\n","protected":false},"author":1,"featured_media":0,"parent":0,"menu_order":0,"comment_status":"closed","ping_status":"closed","template":"","meta":{"jetpack_post_was_ever_published":false,"footnotes":""},"class_list":["post-53","page","type-page","status-publish","hentry"],"jetpack_sharing_enabled":true,"jetpack_shortlink":"https:\/\/wp.me\/P7NQjT-R","jetpack-related-posts":[],"_links":{"self":[{"href":"https:\/\/przedszkole8.pl\/index.php?rest_route=\/wp\/v2\/pages\/53","targetHints":{"allow":["GET"]}}],"collection":[{"href":"https:\/\/przedszkole8.pl\/index.php?rest_route=\/wp\/v2\/pages"}],"about":[{"href":"https:\/\/przedszkole8.pl\/index.php?rest_route=\/wp\/v2\/types\/page"}],"author":[{"embeddable":true,"href":"https:\/\/przedszkole8.pl\/index.php?rest_route=\/wp\/v2\/users\/1"}],"replies":[{"embeddable":true,"href":"https:\/\/przedszkole8.pl\/index.php?rest_route=%2Fwp%2Fv2%2Fcomments&post=53"}],"version-history":[{"count":15,"href":"https:\/\/przedszkole8.pl\/index.php?rest_route=\/wp\/v2\/pages\/53\/revisions"}],"predecessor-version":[{"id":15321,"href":"https:\/\/przedszkole8.pl\/index.php?rest_route=\/wp\/v2\/pages\/53\/revisions\/15321"}],"wp:attachment":[{"href":"https:\/\/przedszkole8.pl\/index.php?rest_route=%2Fwp%2Fv2%2Fmedia&parent=53"}],"curies":[{"name":"wp","href":"https:\/\/api.w.org\/{rel}","templated":true}]}}

Opłaty za Przedszkole

<h2><a href="https://przedszkole8.pl/wp-content/uploads/2019/09/procedura-opłaty-stałej.pdf">PROCEDURA OPŁATY STAŁEJ</a></h2>
<h2><strong>KOSZTY OPŁAT ZA ŚWIADCZENIE PRZEDSZKOLNE</strong></h2>
<p>Opłata za przedszkole składa się z dwóch części:</p>
<ul>
<li><span style="text-decoration: underline;">opłata stała za pobyt dziecka w przedszkolu powyżej pięciu godzin  &#8211;</span> uzależniona jest od deklaracji rodzica o wysokości godzin korzystania z przedszkola. Opłata ta wynosi 1,44 zł za każdą godzinę powyżej pięciu godzin pobytu dziecka w przedszkolu. Odpłatność nalicza się poprzez odbicie w czytniku Karty Mieszkańca. Zgodnie ze statutem Przedszkola nr 8 &#8222;Pluszowy Misiaczek&#8221; jeśli dziecko jest obecne w przedszkolu, a nie ma odbitej Karty, to nalicza się pobyt całodzienny.</li>
<li><span style="text-decoration: underline;">opłata za wyżywienie</span> &#8211;  stawka dzienna wynosi 10,00 zł. Dziecko może korzystać z 3 posiłków, 2 posiłków (śniadanie/obiad lub obiad/podwieczorek) lub 1 posiłku-obiad. W zależności od ilości posiłków stawka kształtuje się następująco:</li>
</ul>
<p>3 posiłki: stawka 10,00 zł</p>
<p>2 posiłki śniadanie i obiad: stawka  8,00 zł</p>
<p>2 posiłki obiad i podwieczorek: stawka  7,00 zł</p>
<p>1 posiłek obiad: stawka 5,00 zł</p>
<p>Opłaty za przedszkole należy wpłacać na konta przedszkola:</p>
<p>wyżywienie: 14144010260000000012525575</p>
<p>opłata stała: 64144010260000000012525548</p>
<h2><strong>OPŁATY ZA KOMITET RODZICIELSKI</strong></h2>
<p>Opłata za Komitet Rodzicielski jest dobrowolna. Wysokość wnoszonych opłat przez rodziców ustalana jest w formie deklaracji rodzica o wysokości wnoszonych opłat na zebraniach w poszczególnych grupach.</p>
<p>Opłaty uiszcza się tylko na konto Komitetu Rodzicielskiego</p>
<p>nr konta : 47109010980000000131703777</p>

<p>PROCEDURA OPŁATY STAŁEJ KOSZTY OPŁAT ZA ŚWIADCZENIE PRZEDSZKOLNE Opłata za przedszkole składa się z dwóch części: opłata stała za pobyt dziecka w przedszkolu powyżej pięciu godzin  &#8211; uzależniona jest od deklaracji rodzica o wysokości godzin korzystania z przedszkola. Opłata ta wynosi 1,44 zł za każdą godzinę powyżej pięciu godzin pobytu dziecka w przedszkolu. Odpłatność nalicza</p>
